 = f**3 - 8*f**2 + f - 9. Let m(n) = -n**3 + 8*n**2 + 10. Let s(u) = 4*j(u) + 3*m(u). Determine s(y).
-27
Suppose -5*b + 3*b - 4 = 0, -14 = -n + 5*b. Let r(u) = u + n + 8 - 16 + 3. What is r(8)?
7
Let t be (-2 - 1)*(2 + -4). Suppose t*d - 3*d = 0. Let a(y) = 2*y**2 + 2*y + 5. Let s(o) = -9*o**2 - 9*o - 19. Let g(r) = -4*a(r) - s(r). Determine g(d).
-1
Let f(c) = 41*c + 5. Suppose 0 = -2*m + 14, 29 - 3 = -3*i + 5*m. Determine f(i).
128
Let p(u) = -u**3 + 3*u**2 + 14*u + 1. Let s = -17792 + 17798. Give p(s).
-23
Let s(a) = 20 - 37 + 8*a + 20 - 4*a. Suppose -2*w + 5*i + 2 = -0, 0 = -2*w - 3*i - 14. Give s(w).
-13
Let l = -835 - -989. Let g(k) = -2*k - 301*k**2 + l*k**2 + 149*k**2. Give g(-2).
12
Suppose -31*q + 1857 = 4554. Let a = -8 - -4. Let j be (a/10)/(q/(-45) + -2). Let y(u) = -u**2 + 7*u - 9. Calculate y(j).
-3
Let o = -17035 - -17044. Let l(t) = t**3 - 11*t**2 + 10*t + 6. Calculate l(o).
-66
Let s(t) be the first derivative of t**6/120 - t**5/12 + t**4/8 - t**2/2 - 16*t - 19. Let u(i) be the second derivative of s(i). Calculate u(3).
-9
Suppose 0 = -5*n - 20, -4*n = -31*t + 29*t + 24. Let m(w) = w - 41. What is m(t)?
-37
Let k(f) = -103*f**2 - f. Let r be ((-3)/(-24))/(-9*(-24)/1728). Determine k(r).
-104
Suppose -12*v - 77 = -19*v. Let m(c) = c**2 + 5*c + v*c + 5*c**2 - 5*c**2 + 4. What is m(-16)?
4
Let f be (-8)/(-10) - (-32)/(-40). Suppose f = -4*c + y + 45, -5*y + 22 = 2*c + 5. Let r(g) = g - 2062 + 683 + 689 + 684. What is r(c)?
5
Let n(y) = -y**2 - 3*y + 5. Let p(k) = 4*k - 36. Let i be p(9). Suppose 8 = 4*u + x, 3*x - 10 = -i*u - 5*u. Suppose 6 = u*v, 5*a + 17 = v - 6. Give n(a).
1
Let y(d) = -2 - 11 + d - 3*d. Let w(m) = 8*m**2 - 148*m + 63. Let c(r) = r**3 + 9*r**2 + 18*r + 18. Let q be c(-6). Let f be w(q). Give y(f).
5
Let s(i) be the third derivative of i**4/8 + i**3 - 448*i**2. Calculate s(-3).
-3
Suppose 3*s + 1013 = -2*x, -3*s + 3*x = 2*x + 1010. Let z = 331 + s. Let t(n) = 4*n + 6. What is t(z)?
-18
Let f(x) be the first derivative of 2*x**3/3 + 3*x**2 - 2*x + 3. Let j(o) = 413*o + 2060. Let a be j(-5). What is f(a)?
18
Let f(t) be the second derivative of -t**5/20 + 3*t**4/4 - 4*t**3/3 - 5*t**2 + 4088*t. Give f(6).
50
Let o(g) = -14*g - 4*g**2 + 26 - g**2 - 4*g + 6*g**2 - 52. What is o(20)?
14
Suppose -66*x + 165 = -110 - 187. Let f(h) = -2*h**3 + 13*h**2 + 8*h - 18. Calculate f(x).
-11
Let j(z) = -28*z**3 + 17*z**2 + 9*z - 24. Let i(m) = 19*m**3 - 16*m**2 - 8*m + 22. Let k(v) = -3*i(v) - 2*j(v). Give k(14).
66
Let g(j) = -j**3 - 2*j**2 - 3. Let q = -1516 + 1514. Calculate g(q).
-3
Let a(q) = -q**3 - 10*q**2 - 9*q + 13. Let p(c) = -9*c**2 - 101*c - 31. Let s be p(-11). What is a(s)?
13
Let n(w) = -w**3 + 5*w**2 + 6*w - 8. Let p(b) = 1 - 21 - 4*b + 66. Let m be p(10). Determine n(m).
-8
Let z(h) = -h**2 + 3*h + 4. Let r(u) = -u**3 - 10*u**2 + 13*u + 23. Let i be r(-11). Suppose -5*a + 26 = i. Give z(a).
-6
Let z(u) = -u**2 - 2*u - 13. Let h(a) = -3*a**2 + 11*a - 91. Let w(x) = h(x) - 2*z(x). Determine w(9).
-11
Let j(c) = c**2 - 45*c + 492. Let f be j(26). Let u(v) be the first derivative of v**4/4 + v**3 - v + 1. Give u(f).
3
Let j = 581 - 362. Suppose j = -5*k + 199. Let n(d) be the third derivative of -d**5/60 - 5*d**4/24 - 5*d**3/6 + d**2. Calculate n(k).
-1
Let f be 44/6 - (-4)/(-12). Let c = -507 - -514. Let z(v) = c - 9*v + 18*v + 2 - 10*v. Give z(f).
2
Let i(v) be the third derivative of -v**6/360 + v**4/8 - 22*v**3/3 + 3*v**2 + v. Let t(g) be the first derivative of i(g). Determine t(-4).
-13
Let t(g) = -52*g - 11*g + 70 + 80 - 144. Determine t(1).
-57
Let z(j) = 4781 - 14383 + 4790 + j**2 + 4793 + j. Give z(-6).
11
Let z(d) = d**3 + 8*d**2 + 7*d + 9. Let w = -41 - -45. Suppose 470 = 5*a - 10*t + 8*t, w*t + 296 = 3*a. Let s = -99 + a. Give z(s).
9
Let i(m) = 105 - 54*m + 145 - 36. What is i(4)?
-2
Let q(z) = z - 11. Let c(h) = 4*h - 1. Let s be c(7). Let w = s - 78. Let r = w + 58. Give q(r).
-4
Let f be ((-7920)/(-35))/6 - 4/(-14). Let x = 43 - f. Suppose -s - 4 = -k, k + 6 = s + x*k. Let u(m) = -5*m**3 - 3*m**2. Give u(s).
28
Let u be (1/(-2))/((-1)/22). Let a(g) be the second derivative of -g**4/12 + 11*g**3/6 + 5*g**2 + 6650*g. Give a(u).
10
Let u(j) be the second derivative of -7*j**3/2 - j**2/2 - 2*j + 47. Let a = -94 + 95. What is u(a)?
-22
Let h(k) be the second derivative of -7*k**3/6 - 45*k**2 + 1364*k. Determine h(-9).
-27
Let s(c) = 21155*c**2 + 21155*c**2 - 8*c - 14*c**3 - 42307*c**2 - 10 + c. Give s(-1).
14
Let v(z) be the first derivative of z**7/840 + 17*z**6/360 + 3*z**5/20 + z**4 - 199*z**3/3 - 140. Let a(o) be the third derivative of v(o). Give a(-16).
-8
Let a(k) be the first derivative of -k**3/3 + 3*k**2/2 - 3*k + 6040. Give a(6).
-21
Suppose 4*l + 158 = 162. Let m(c) = -37*c**3 - 2*c**2 - c + 2. Determine m(l).
-38
Let z(l) be the first derivative of -7*l - 2*l + 19 + l**2 + 10*l - 2*l. Let a = 8 - 5. What is z(a)?
5
Let x(j) = 4*j**2 - j**2 + 16 + 7 - 18*j - 2*j**2 + 5. Calculate x(16).
-4
Let z(f) = -4 + 7 + 75*f**2 - 13 + 13*f - 76*f**2 - 11. Give z(8).
19
Let p(s) be the first derivative of -s**2 + 2*s - 1. Suppose 33*h - 29*h + 3*d = 14, h + 3*d + 10 = 0. Calculate p(h).
-14
Let v(l) be the third derivative of -7*l**4/24 + l**3/2 + 2*l**2 - 32. Suppose -2*w = g - 9, 0*w = 4*w - g - 3. Give v(w).
-11
Suppose 3 = 10*m + 3. Suppose m = 11*i + 4*i - 75. Let l(p) = -2*p + 6. Determine l(i).
-4
Let m(h) = -13*h + 1. Let p(y) = y**3 - 20*y**2 - 4*y + 77. Let k be p(20). What is m(k)?
40
Let b(h) = h**3 - 24*h**2 + 3*h - 74. Suppose 4*p - 74 = 3*x + 22, -48 = -2*p + 2*x. Determine b(p).
-2
Let h(t) = -2*t + 3. Suppose -2*i = -q + 165, 5*i + 412 = -3*q + 6*q. Let k = -89 - i. Let d(x) = 7*x - 11. Let f(o) = k*d(o) - 22*h(o). Determine f(-5).
-10
Let t(c) be the first derivative of 3*c**2/2 - 4*c + 6. Suppose 1427*i = 1432*i - 20. Give t(i).
8
Let c(m) = 4*m**2 - 15*m - 5. Let d(l) be the first derivative of l**3/3 - l**2/2 - 80. Let y(u) = c(u) - 3*d(u). Give y(13).
8
Let n(p) be the first derivative of p**4/2 - 11*p**3/3 - 4*p**2 + 11*p + 1415. What is n(6)?
-1
Let q(m) = 2*m - 31. Suppose -56 = 2*l + 4*y, -4*l - 66*y + 86 = -80*y. What is q(l)?
-51
Let z(i) be the first derivative of -4*i**4 - 4*i**3/3 - 3*i**2/2 - 583. Calculate z(-2).
118
Let p(h) = h**3 + 5*h**2 + 5*h. Suppose 20 = -2*o - 2*n + 3*n, 5*n = 0. Let d(s) = -s**2 - 12*s + 6. Let i be d(o). Let b = -30 + i. Determine p(b).
-4
Let w(j) be the second derivative of j**3/6 - 9*j**2/2 - 1317*j. Let x be -4*(-9)/6*1. What is w(x)?
-3
Let f(i) = -4*i**3 - 1. Let m(b) = -9*b**3 + 3*b**2 + 8*b - 9. Suppose 2*l = -3*p + 1, -13*l + 14 = -4*p - 8*l. Let k(g) = p*m(g) + 2*f(g). Determine k(5).
17
Let h(y) = y**3 - 6*y**2 + 8. Let u = 121 - 69. Let f(b) = -b**3 - 26*b**2 - 52*b - 50. Let x be f(-24). Let m = u - x. Calculate h(m).
8
Let v(r) = -2*r**2 - 19*r**3 - 4151*r + 9*r**3 + 3 + 4149*r. Determine v(2).
-89
Let p(l) = l**3 + 10*l**2 + 9*l + 7. Suppose 90 = -47*w + 38*w. Let h be ((-5)/w)/(5/10) - 10. Determine p(h).
7
Let s = 297 - 212. Let l = 95 - s. Let k(v) = -9*v - 2*v + 2*v + l*v. Determine k(4).
4
Let i(y) = -y**2 + 6*y + 9. Let j = 20 + -16. Suppose -g + j - 1 = 0. Suppose g*d - d = 14. Determine i(d).
2
Let l be -1 - 3/((-6)/(-8)). Let c(j) be the third derivative of 0*j + 0 + 2/3*j**3 - 50*j**2 - 1/8*j**4 - 1/60*j**5. Give c(l).
-6
Let y(t) = -t**3 - 23*t**2 - 23*t - 21. Let o(s) = 190*s - 402. Let k be o(2). Calculate y(k).
1
Let m(j) = -52*j**2 - 101*j + 106*j - 131 + 132. What is m(-1)?
-56
Let j(z) = -13*z - 38. Let u(h) = -164*h + 816. Let p be u(5). Give j(p).
14
Suppose 175 = 10*f - 5*f. Suppose -4*t = -5*p - f, -31*p - 21 = -28*p + 5*t. Let m(b) = b**2 + 7*b + 4. Determine m(p).
4
Let f be (-26)/6 + -2 + (-100)/150. Let y(i) = -6*i - 51. Give y(f).
-9
Let u(m) = -m**3 - 50*m**2 - 2*m - 88. Let l = -1726 - -1676. Determine u(l).
12
Let q(g) be the third derivative of 0*g**5 - g**2 - 1/24*g**4 - 37*g + 0 - 1/24*g**6 + 0*g**3. What is q(1)?
-6
Let g(z) be the first derivative of z**4/4 + 2*z**3/3 + z + 3648. Calculate g(2).
17
Suppose 3*q + 2 - 4 = -d, 4*d + 7 = 3*q. Let a(u) = 4 + 2*u - 3 - 2757*u**3 + 2755*u**3 - 2*u**2 + 2 - 4. Determine a(q).
-3
Suppose t + 89 = 4*g, 2*g + 6*t = 3*t + 27. Let o = g - 19. Let j(x) =